{"id":54,"date":"2020-12-08T09:32:53","date_gmt":"2020-12-08T09:32:53","guid":{"rendered":"https:\/\/demo.cmssuperheroes.com\/themeforest\/solatec\/?page_id=54"},"modified":"2022-01-24T08:46:19","modified_gmt":"2022-01-24T08:46:19","slug":"request-quote","status":"publish","type":"page","link":"https:\/\/regional-strom.com\/index.php\/request-quote\/","title":{"rendered":"Angebot anfordern"},"content":{"rendered":"\t\t<div data-elementor-type=\"wp-page\" data-elementor-id=\"54\" class=\"elementor elementor-54\" data-elementor-settings=\"[]\">\n\t\t\t\t\t\t\t<div class=\"elementor-section-wrap\">\n\t\t\t\t\t        <section class=\"elementor-section elementor-top-section elementor-element elementor-element-84d18bc elementor-section-content-top elementor-section-boxed elementor-section-height-default elementor-section-height-default cms-full-content-with-space-none cms-boxed-bg-false\" data-id=\"84d18bc\" data-element_type=\"section\">\n            \n            <div class=\"cms-section-boxed-bg\"><\/div>            <div class=\"elementor-container elementor-column-gap-default \">\n                    <div class=\"elementor-column elementor-col-41 elementor-top-column elementor-element elementor-element-7f4580b cms-cloumn-sticky\" data-id=\"7f4580b\" data-element_type=\"column\">\n            <div class=\"elementor-widget-wrap elementor-element-populated\">\n                        \t\t<div class=\"elementor-element elementor-element-a9c1eb2 elementor-widget-divider--view-line elementor-widget elementor-widget-divider\" data-id=\"a9c1eb2\" data-element_type=\"widget\" data-widget_type=\"divider.default\">\n\t\t\t\t<div class=\"elementor-widget-container\">\n\t\t\t\t\t<div class=\"elementor-divider\">\n\t\t\t<span class=\"elementor-divider-separator\">\n\t\t\t\t\t\t<\/span>\n\t\t<\/div>\n\t\t\t\t<\/div>\n\t\t\t\t<\/div>\n\t\t\t\t<div class=\"elementor-element elementor-element-f3872f0 cms-heading-layout-5 elementor-widget elementor-widget-cms_heading\" data-id=\"f3872f0\" data-element_type=\"widget\" data-widget_type=\"cms_heading.default\">\n\t\t\t\t<div class=\"elementor-widget-container\">\n\t\t\t\r\n<div class=\"cms-heading-wrapper \">\r\n            <div class=\"cms-mainheading text-16 lh-24 font-700 text-accent\">Gr\u00fcner Strom - Errichtung von PV Systemen in S\u00fcddeutschland<\/div>\r\n                <div class=\"cms-heading cms-subheading text-34 lh-48 pt-10 \">Fordern Sie ein Angebot f\u00fcr Ihr PV System an<\/div>\r\n            <div class=\"cms-heading-desc text-16 lh-27 pt-20 \"><p>Erhalten Sie innerhalb von wenigen Tagen ein detailliertes Angebot, wenn Sie das Formular auf dieser Seite ausf\u00fcllen. Ideal f\u00fcr Leute, die noch schon bald ihren eigenen gr\u00fcnen Strom verbrauchen wollen.<\/p>\n<\/div>\r\n        <div class=\"cms-heading-btns row gutters-30 gutters-grid empty-none pt-40 align-items-center justify-content-\">    <\/div>\r\n<\/div>\t\t<\/div>\n\t\t\t\t<\/div>\n\t\t\t\t<div class=\"elementor-element elementor-element-21171c8 elementor-widget elementor-widget-spacer\" data-id=\"21171c8\" data-element_type=\"widget\" data-widget_type=\"spacer.default\">\n\t\t\t\t<div class=\"elementor-widget-container\">\n\t\t\t\t\t<div class=\"elementor-spacer\">\n\t\t\t<div class=\"elementor-spacer-inner\"><\/div>\n\t\t<\/div>\n\t\t\t\t<\/div>\n\t\t\t\t<\/div>\n\t\t\t\t<div class=\"elementor-element elementor-element-7e6abef cms-heading-layout-5 elementor-widget elementor-widget-cms_heading\" data-id=\"7e6abef\" data-element_type=\"widget\" data-widget_type=\"cms_heading.default\">\n\t\t\t\t<div class=\"elementor-widget-container\">\n\t\t\t\r\n<div class=\"cms-heading-wrapper \">\r\n            <div class=\"cms-mainheading text-16 lh-24 font-700 text-primary\">Oder rufen Sie uns an:<\/div>\r\n                <div class=\"cms-heading cms-subheading text-34 lh-48 pt-10 text-accent\">(+49) 9621 915550-0<\/div>\r\n            <div class=\"cms-heading-desc text-16 lh-27 pt-20 text-custom\" style=\"color:#070707\"><p>Wir werden uns kurzfristig bei Ihnen melden, oder rufen Sie uns von Montag bis Freitag von 09:00 - 16:00 Uhr an. Gerne k\u00f6nnen Sie uns auch eine Nachricht per E-Mail unter <a class=\"font-700 text-accent\" href=\"mailto:info@regional.strom.com\">info@regional-strom.com<\/a> senden<\/p>\n<\/div>\r\n        <div class=\"cms-heading-btns row gutters-30 gutters-grid empty-none pt-40 align-items-center justify-content-\">    <\/div>\r\n<\/div>\t\t<\/div>\n\t\t\t\t<\/div>\n\t\t            <\/div>\n        <\/div>\n                <div class=\"elementor-column elementor-col-58 elementor-top-column elementor-element elementor-element-2a460fa pl-xl-60\" data-id=\"2a460fa\" data-element_type=\"column\">\n            <div class=\"elementor-widget-wrap\">\n                                    <\/div>\n        <\/div>\n                            <\/div>\n        <\/section>\n        \t\t\t\t<\/div>\n\t\t\t\t\t<\/div>\n\t\t","protected":false},"excerpt":{"rendered":"<p>Gr\u00fcner Strom &#8211; Errichtung von PV Systemen in S\u00fcddeutschland Fordern Sie ein Angebot f\u00fcr Ihr PV System an Erhalten Sie innerhalb von wenigen Tagen ein detailliertes Angebot, wenn Sie das Formular auf dieser Seite ausf\u00fcllen. Ideal f\u00fcr Leute, die noch schon bald ihren eigenen gr\u00fcnen Strom verbrauchen wollen. Oder rufen Sie uns an: (+49) 9621 [&hellip;]<\/p>\n","protected":false},"author":2,"featured_media":0,"parent":0,"menu_order":18,"comment_status":"closed","ping_status":"closed","template":"","meta":{"footnotes":""},"class_list":["post-54","page","type-page","status-publish","hentry","cms-has-post-thumbnail"],"_links":{"self":[{"href":"https:\/\/regional-strom.com\/index.php\/wp-json\/wp\/v2\/pages\/54","targetHints":{"allow":["GET"]}}],"collection":[{"href":"https:\/\/regional-strom.com\/index.php\/wp-json\/wp\/v2\/pages"}],"about":[{"href":"https:\/\/regional-strom.com\/index.php\/wp-json\/wp\/v2\/types\/page"}],"author":[{"embeddable":true,"href":"https:\/\/regional-strom.com\/index.php\/wp-json\/wp\/v2\/users\/2"}],"replies":[{"embeddable":true,"href":"https:\/\/regional-strom.com\/index.php\/wp-json\/wp\/v2\/comments?post=54"}],"version-history":[{"count":32,"href":"https:\/\/regional-strom.com\/index.php\/wp-json\/wp\/v2\/pages\/54\/revisions"}],"predecessor-version":[{"id":6947,"href":"https:\/\/regional-strom.com\/index.php\/wp-json\/wp\/v2\/pages\/54\/revisions\/6947"}],"wp:attachment":[{"href":"https:\/\/regional-strom.com\/index.php\/wp-json\/wp\/v2\/media?parent=54"}],"curies":[{"name":"wp","href":"https:\/\/api.w.org\/{rel}","templated":true}]}}